 What is the tens digit of l?
3
What is the thousands digit of (-988 + 1)/((-99)/4851)?
8
Let y be (-1)/5 - 1574/5. Let r = y - -162. What is the hundreds digit of (-1)/(613/r + 4)?
1
Let z(d) = -3*d**2 + 7*d**3 + d - 612 + 1233 - 616. What is the units digit of z(4)?
9
Suppose -5*n + 20 = 5*s + 75, 7 = -s + n. Let d(l) = -44*l - 104. What is the hundreds digit of d(s)?
2
Let j(r) = 5*r**2 + 46*r + 79. Let z be j(-23). Suppose 3*o = -s + 4*s + 1002, -5*o + s = -z. What is the tens digit of o?
3
Suppose 5*z - 5*b - 61730 = 0, 72*z + 24693 = 74*z - 3*b. What is the tens digit of z?
4
Let c(h) be the first derivative of h**3/2 + 12*h**2 - 23*h - 13. Let l(x) be the first derivative of c(x). What is the tens digit of l(0)?
2
Let i(x) = 2 + 1 + 2 + 6 + 11*x - 6*x. Suppose 4*o - 3*r - 33 = -2*r, 2*o = 5*r + 3. What is the tens digit of i(o)?
5
Let p(o) = -4079*o - 1155. What is the tens digit of p(-3)?
8
Let k(t) be the third derivative of 13*t**6/40 + t**5/60 - t**4/8 + t**3/6 + t**2. Let l = -386 - -387. What is the units digit of k(l)?
8
Let m = 620 + -431. Suppose m = q - 18. What is the units digit of q?
7
Let l(v) be the third derivative of -v**5/30 - 3*v**4/8 + v**3 + 14*v**2. Let x be l(-5). Suppose -q = 6 - x, 5*s - q = 200. What is the tens digit of s?
3
Suppose o - 1689 = -5*r, r + 4*o = 110 + 205. What is the hundreds digit of r?
3
Suppose 0 = -6*w + 4*w, 0 = 5*d + 3*w. Suppose 11*t + u - 1358 = 9*t, d = 3*u. What is the tens digit of t?
7
Let a(v) = -68*v + 212. Suppose 39*f + 15 = 36*f. What is the tens digit of a(f)?
5
Let b(k) = -3*k**2 - 30*k - 20. Let q be b(-8). Suppose 4*n + 2*y = -y + q, 2*y - 8 = 0. What is the tens digit of ((-178 - 6)/n)/((-4)/22)?
5
Suppose -59*x = x + 4*x - 1662976. What is the units digit of x?
4
Let q(n) = 46*n + 486. What is the hundreds digit of q(18)?
3
Suppose 5*s + 1019 = 2*s - g, s + g = -343. Let c = 861 + s. What is the units digit of c?
3
Let q = 17257 + -12128. What is the units digit of q?
9
Let t(a) = a + 8. Suppose -15 = -5*i + 9*g - 4*g, 3*i - g - 7 = 0. Suppose 2*b + 2 = 5*m - 4, -6 = 5*m + i*b. What is the units digit of t(m)?
8
Suppose 247*z - 1416924 = 436070. What is the hundreds digit of z?
5
Let f = -2317 + 4360. Let p = 3574 - f. What is the units digit of p?
1
Suppose 2*x - z - 245 = 0, -3*z + 474 = 5*x - 166. Suppose 3*u - 3*f = 3864, -5*f = u - x - 1145. What is the units digit of u?
5
Suppose -5*a - 5*t + 70 = 0, -a + 20 = -0*a + 4*t. Suppose 9*u - a*u = -870. What is the units digit of u?
0
Let z = 102968 + -46365. What is the thousands digit of z?
6
Let t be 8/(-44) - (-46)/11. Suppose -4*c - t*m + 358 = -2*c, -c - m + 177 = 0. Suppose c = -9*a + 733. What is the units digit of a?
2
What is the ten thousands digit of (424 - 438)/((-4)/4806)?
1
Let v be (1 - -110) + (-5 - 0). Let a = 598 - v. What is the hundreds digit of a?
4
Let c(s) = -2431*s + 824. What is the hundreds digit of c(-7)?
8
Let w(m) = 16*m - 18. Let k(v) = -15*v + 17. Let d(g) = 6*k(g) + 5*w(g). Let t be d(1). What is the units digit of (-1)/((-76)/644*17 + t)?
1
Let g(y) = -15*y + 49. Let q be g(2). Suppose q*j - 5412 = 6919. What is the hundreds digit of j?
6
Suppose -6*j = 2*i - 61292, 12*j + 5*i + 30604 = 15*j. What is the ten thousands digit of j?
1
Let k(i) = -3*i - 1. Let u be k(-1). Suppose w - 86 - 22 = 38. Suppose 3*p = u*p + w. What is the tens digit of p?
4
Suppose 5*n - 8*n = -81. Let z(m) = m**3 - 28*m**2 + 38*m - 11. What is the hundreds digit of z(n)?
2
Suppose 31*s + 82*s + 28*s = 395505. What is the tens digit of s?
0
Let n = 22736 - 15913. What is the hundreds digit of n?
8
Suppose 0 = 2*u + k - 545, -7*u + 2*u + 5*k + 1385 = 0. Let v = u - 9. What is the units digit of v?
5
Let i(r) = 2*r - 21. Let y be i(16). Let d = 58 - y. What is the units digit of d?
7
Suppose -93*c + 33 = 4*z - 94*c, 4*z = 8*c + 68. Let g = -197 - -498. Suppose 0*w + g = z*w. What is the tens digit of w?
4
Suppose -2*o = -o - 17. Suppose -z + 149 = r + o, r - z = 134. Suppose r*a - 131*a - 258 = 0. What is the units digit of a?
9
Let t = 3626 + 180. Suppose -4*y - 7*y + t = 0. What is the hundreds digit of y?
3
Let g(d) = 2*d**2 + 11*d + 9. Let j be 23 - 1 - (-3 - -4). Suppose 4*o + j = -11. What is the units digit of g(o)?
9
Suppose 32 - 20 = 4*l. Suppose -k + l*h + 170 = 0, -4*k + 0*k - 5*h = -731. What is the tens digit of k?
7
What is the units digit of (-12)/((-432)/4812)*(242 - 1 - -5)?
2
Suppose -1172052 = -68*g + 63*g - 37*g. What is the tens digit of g?
0
Let p(h) = -89*h**3 - 18*h**2 - 86*h + 127. What is the units digit of p(-9)?
4
Let w = 6499 + -2116. Suppose -2552 - w = -19*z. What is the hundreds digit of z?
3
Let s(t) = 4*t**3 + 36*t**2 - 6*t - 60. What is the hundreds digit of s(11)?
5
Suppose -156 = -10*r + 7*r. Let v = 56 - r. Suppose -192 = -v*d - 0*d. What is the tens digit of d?
4
Suppose 5*x - 4*w = 3720, 327 = x + 3*w - 417. Suppose j + 11*j = x. Suppose n + 4*u = j, -2*u = -3 - 1. What is the units digit of n?
4
Suppose 5*k - 3*d - 125 = 0, 41*d - 37*d = 3*k - 86. Suppose 40*n - k*n - 5598 = 0. What is the tens digit of n?
1
Suppose -6*x = 23 + 1. Let j be (-5)/(-10) - (-62)/x. Let u(r) = -14*r - 43. What is the units digit of u(j)?
7
Suppose 0 = 16*q + 137154 - 633554. What is the ten thousands digit of q?
3
Suppose 0 = 5*j + 3*a, -3*a - a = -j. Suppose q + 2*v - 42 = 176, j = -3*q - 3*v + 651. Suppose -h = 2*p - 438, -4*h = p - 2*h - q. What is the tens digit of p?
2
Let z = 8418 - -3667. What is the units digit of z?
5
Let h(f) = f**2 + 3*f + 2. Let o be h(-13). Suppose 3*c - c = 3*g + o, c - 5*g - 80 = 0. Let p = 171 - c. What is the units digit of p?
1
Suppose 2*z = -2*m + 10, -m - 11 + 13 = 0. Let q(o) = -6 - 5*o + o**2 + 3*o**3 + 1 + 5 + 3. What is the units digit of q(z)?
8
Let o be 92 - ((-6)/(-6) + -4). Suppose 4*i - o = -5*m, 4*i - m - 36 - 89 = 0. What is the units digit of i?
0
Let q(o) = 24*o**2 + 21*o - 25. What is the tens digit of q(14)?
7
Let k = -42 - -41. Let f be k/(-6)*3*274. Suppose 2*x - 4*n = 28, -5*x + 4*n + f = 43. What is the units digit of x?
2
Let b(i) = 11*i**3 - 11*i**2 + 8*i + 5. What is the hundreds digit of b(6)?
0
Let u(c) = -9*c - 36. Let a(o) = -9*o - 38. Let n(w) = 2*a(w) - 3*u(w). Suppose p = -2*h + 21, -2*p - h = -0*h - 27. What is the hundreds digit of n(p)?
1
Let k(a) = -15*a - 8. Let y be k(-14). Suppose 2*f - y = -o, -7*o + 201 = -6*o + f. What is the units digit of o?
0
Suppose 0 = -3*m - 3, 2*q - 2*m - 977 = -3*q. Let x(w) = -w**2 + 20*w - 109. Let l be x(10). What is the tens digit of -3*(q/l + -4)?
7
Suppose -2*q + 4 = 2. Let p be q + (-9)/(-12) + 2/8. Suppose -4*s = k - 34, 2 + 0 = -p*s. What is the tens digit of k?
3
Suppose 128*p - 136*p - 248 = 0. Let a(f) = 3*f + 199. What is the units digit of a(p)?
6
Let s(q) = q**2 + 15*q - 200. Let b be s(0). What is the hundreds digit of -411*3/(-12)*b/(-15)?
3
Let o(b) = b**2 - 8*b + 1. Let x be o(8). Let i be 28/x - 46/(-23). Let y = 66 - i. What is the tens digit of y?
3
Suppose -21*t + 23*t - 822510 = -35*t. What is the units digit of t?
0
Let m(n) = -2*n**3 + 33*n**2 + 16*n + 14. Let w be m(17). Let y(c) = -3 + 10*c + 0 - 26*c. What is the units digit of y(w)?
5
Let i = -7873 - -13963. Suppose 37*l - 52*l = -i. What is the tens digit of l?
0
Suppose -5 = -2*z + 1. Suppose -5*w + 571 = z*d, -w - d = -16 - 99. Let r = w + -44. What is the units digit of r?
9
Let x = 464 + -91. Suppose -5*o = -23 + x. Let k = 87 - o. What is the units digit of k?
7
Let o be -2*204/(-120) + (-2)/5. What is the units digit of (o*(-2995)/60)/((-3)/12)?
9
Suppose 2*s - 5*u = -16, 4 + 6 = 5*u. What is the tens digit of -2 - (-5 - s) - -232?
3
Let q = 262 + -146. Suppose -430 = -7*p + q. Let d = p - 43. What is the units digit of d?
5
Suppose 12*q - 74*q + 4537826 + 41370 = 0. What is the thousands digit of q?
3
Let z(s) = 608*s**3 - 2*s**2 + 16*s + 2. What is the units digit of z(4)?
6
Let k(r) = 46*r**2 + 46*r + 438. What is the hundreds digit of k(-12)?
5
Let q = 3928 - -1092. What is the hundreds digit of q?
0
Let m = -85 - -75. Let o be -14 + 10 - m/1. What is the tens digit of (-12)/(-9) - (-310)/o?
5
Suppose -13*x - 89030 = -153627. What is the tens digit of x?
6
Suppose 12*f - 1993 = 9347. Suppose 4*w + f = 9*w 